 -9, x*o = -5*h + o - z. Determine g(h).
11
Let i(u) be the first derivative of -u**2 + 4*u**2 - u**2 + 3. What is i(1)?
4
Suppose -4*f + 4*z + 13 = -63, 0 = f - 5*z - 15. Suppose 2*w + 4*v - f = -0*v, 3*w - 15 = -v. Let t(a) = 2*a**2 - a - w*a**2 + a**2 + a**3. What is t(-1)?
-1
Let u(b) be the first derivative of 4*b**2 + 6 - 2*b**2 - 2*b**2 + b + 3*b**2. Determine u(-2).
-11
Let b(u) = 6*u - 5*u**2 - 5 - 5*u**2 + 5*u**2 - u**3. Give b(-6).
-5
Let a(y) = -y**3 + 7*y**2 + y - 6. Let w be (-3 - 26/(-2)) + -3. Give a(w).
1
Let n(m) = -3*m + 6. Let h(s) = -s**3 + 3*s**2 + 2*s. Let x be h(3). Let z be (-9 + 3)*(-4)/x. What is n(z)?
-6
Let k(g) be the second derivative of -g**7/2520 + g**6/180 + g**5/60 + g**4/3 - 2*g. Let d(s) be the third derivative of k(s). Calculate d(4).
2
Let x(a) = -a**3 + 7*a**2 + 7*a + 10. Let t be x(8). Let h(g) = 2*g**t + g + 0*g + 2 - g**2. Let f be (-1 - (-1)/2)*0. Calculate h(f).
2
Suppose 9*r + 16 + 11 = 0. Let p(q) be the first derivative of q**4/4 + 5*q**3/3 + 2*q**2 - q - 1. Give p(r).
5
Let t(l) = l - 2. Suppose -6 = -14*k + 11*k. Calculate t(k).
0
Suppose n + 3*g + 18 = 0, -3*n + 0*n - 2*g = 19. Let q(s) = -5*s + 4. Let v(u) = -1 + 2*u - 2 + 2*u. Let x(k) = n*q(k) - 4*v(k). Determine x(0).
0
Let p = -30 - -25. Let h(a) = a**3 + 4*a**2 - 3*a + 7. What is h(p)?
-3
Let p(x) = 15*x**2 - 19*x + 15. Let h(t) = 4*t**2 - 5*t + 4. Let g(b) = -22*h(b) + 6*p(b). Let n(a) be the first derivative of g(a). Calculate n(3).
8
Let r(j) = -2*j**2 + 2*j + 1. Suppose 193*o = 195*o - 4. Calculate r(o).
-3
Suppose 2*k - 5*k = 0. Let w(m) = 1 - 2*m + k - 2*m. What is w(-1)?
5
Let h(l) = l**2 + 8*l - 3. Let o be h(-7). Let x = 9 + o. Let j(p) = -10*p**2 + 2*p + 1. What is j(x)?
-11
Let g be (2 + -5)/(5 + -4). Let m(w) = w**2 - 2*w + 3. Let z(s) = 2*s**2 - 5*s + 6. Let u be (9 - 1) + (-1 - -2). Let k(x) = u*m(x) - 4*z(x). Calculate k(g).
6
Let c(a) = 4*a + 5. Suppose 0*r - 10 = 2*o - 5*r, -25 = 5*o - 5*r. Calculate c(o).
-15
Let y = -52 + 49. Let d(s) be the second derivative of -s**3/2 - 3*s**2/2 + s. Calculate d(y).
6
Let c(d) = -d + 1. Let g(n) = -n. Let u(q) = -2*c(q) + 3*g(q). Let p be 0/(4*(-3)/(-12)). Let i be 1 + 1 + p + -2. Determine u(i).
-2
Let h(a) be the first derivative of -1/2*a**2 + 4 - 1/3*a**3 + 4*a. Calculate h(-3).
-2
Let c(x) = 2*x**2 - 2. Let v = -54 + 56. What is c(v)?
6
Let b(s) be the first derivative of -s**5/20 + s**4/12 + s**2 - 3*s - 3. Let k(l) be the first derivative of b(l). Determine k(0).
2
Let l(h) = h**2 + 1. Suppose f = -2*p - 114, p + 2*f + f + 62 = 0. Let c be p/(-16) - (-1)/2. Suppose -g = -5*j, g = -j - c*g. Calculate l(j).
1
Suppose -3*b = -b. Let w(f) = b*f**3 - f**3 - 4*f**2 - 4 - 6*f + 0*f**3 - f**2. Calculate w(-4).
4
Let g(y) = -7*y**2 + 1. Suppose -5*u + 3 = -2. Let x be (u + 0/(-1))*-1. Determine g(x).
-6
Suppose -3*p + 12*p + 9 = 0. Let t(d) = -3*d**3 + d**2 + d. Calculate t(p).
3
Let c(t) = t**2 - 6*t + 4. Let m be (32/24)/(2/6). Calculate c(m).
-4
Let a(n) = -6. Let s(v) = -v - 5. Let b(d) = -4*a(d) + 5*s(d). Give b(3).
-16
Suppose 4*s + i = 5*s - 2, -8 = -4*s - 4*i. Let l = -6 - -8. Let w(u) = -u**l + 3 + u - s*u - 2*u. Give w(-4).
-1
Let m(h) be the third derivative of -h**6/720 - h**5/120 + h**4/8 - 2*h**2. Let z(v) be the second derivative of m(v). Calculate z(0).
-1
Let q(f) be the second derivative of f**6/120 + f**5/15 + f**4/8 + 3*f**2 - 2*f. Let d(c) be the first derivative of q(c). Give d(-3).
0
Let b(q) = -q**3 - 8*q**2 - 7*q - 4. Let r(w) = -w**3 - 7*w**2 - 6*w - 3. Let u(x) = 5*b(x) - 6*r(x). Calculate u(-3).
-14
Let n = 8 + -5. Let a = -1 + n. Let p(r) = 4 - 2 + r - a*r. Calculate p(0).
2
Let j(n) be the first derivative of -n**3/3 + n**2/2 - 12*n + 22. Suppose -f = 3*q + 12, 2*f - 7 - 5 = 3*q. What is j(f)?
-12
Let k(d) = 6*d**2 + 5*d - 7. Let m(u) = -5*u**2 - 4*u + 6. Let i(y) = -4*k(y) - 5*m(y). Calculate i(2).
2
Suppose -24 - 18 = -6*h. Let b(j) = -j**3 + 7*j**2 - 3*j + 9. Determine b(h).
-12
Suppose 0 = 2*v - v + g + 6, v = -4*g - 21. Let h = 3 - v. Let q(w) = -3*w - 4*w + w**2 + 4*w + 2. Determine q(h).
6
Let a(l) = -2*l + 3. Let t(p) = -3*p + 3. Let c(x) = -4*a(x) + 3*t(x). Let z = 2 + 0. Suppose -2*y - 4 = 2*y, 4*w - z*y = 2. Give c(w).
-3
Let u(z) be the second derivative of -z**5/20 + 7*z**4/12 - 5*z**3/6 - 7*z**2/2 + 20*z. Determine u(6).
-1
Let k(t) = t**3 - t + 7. Suppose 6 = -2*x + 24. Suppose q - 3 = h, -q + x = 3*h + 2*q. What is k(h)?
7
Let n(r) = 4*r**2 - 9*r**2 + 5*r + 4*r**2. Determine n(6).
-6
Let d(g) = -g**3 - g - 7 + 0 + 0 + 5*g**2. Let r = -17 + 22. Calculate d(r).
-12
Let a be (-4)/(-14) + (-4)/14. Let u(h) = 2*h**2 + 2*h + 2. Let t(c) = -c**2 - c - 1. Let k(g) = -3*t(g) - 2*u(g). Give k(a).
-1
Let g = 45 + -52. Let v(i) = -i**2 - 7*i - 4. Calculate v(g).
-4
Let j = 12 - 18. Let p(q) = q**3 + 6*q**2. Give p(j).
0
Let p(z) be the first derivative of 1/2*z**2 - z + 2 + 2*z**4 + 1/3*z**3. Let g = 3 - 2. Determine p(g).
9
Let z(x) = -7*x + 1 + 7*x**2 + 2 + 8*x + x**3. Calculate z(-7).
-4
Let z(n) = 4*n - 7. Let l(m) = 7*m - 13. Let o(q) = 3*l(q) - 5*z(q). Determine o(5).
1
Let p be (-1 + 2)*(1 + 1). Let s(m) = -4 + 5 + p*m - 2. What is s(2)?
3
Let d be -3 - ((0 - 0) + 1). Let c be 3/(((-30)/d)/5). Suppose 4*m - 8 = 4*l, 0 = -2*m - l + 2*l + c. Let y(q) = q + 1. Determine y(m).
1
Let k(v) = -21*v**2 - 4*v + 11. Let w(b) = 11*b**2 + 2*b - 6. Let i(t) = -6*k(t) - 11*w(t). Determine i(-2).
16
Let r = -2 - -7. Suppose r*c - 30 = z, -2*c = -3*c - 2*z + 6. Let n(o) = o - 4 + 3 + 5*o + c + o**2. What is n(-6)?
5
Let p(d) be the first derivative of -d**4/4 - 2*d**3 + 2*d**2 + 9*d + 7. What is p(-6)?
-15
Let b(j) = -j**3 - 3*j**2 - 3*j - 4. Suppose -2*i - 22 = -f, f - 21 = i + 2*i. Let a = 21 - f. What is b(a)?
5
Let t(r) be the first derivative of r**4/4 + 4*r**3/3 - 7*r**2/2 - 5*r + 1. Give t(-5).
5
Suppose 0 = -2*i - 2 - 6. Let b(s) be the second derivative of s**6/720 + s**5/24 + s**4/12 + 3*s. Let a(f) be the third derivative of b(f). Give a(i).
1
Let c(y) = -2*y**2 + 2*y + 4. Suppose 9 + 3 = 4*m. Determine c(m).
-8
Suppose -5*r + 9*r = 5*k + 31, k + 5*r - 17 = 0. Let u(n) = 5*n - 1. Give u(k).
-16
Let r(b) = 2*b**2 - 2*b - 4. Let p be r(2). Let u(l) = l + 6. Calculate u(p).
6
Suppose -c - y + 2 + 2 = 0, -3*y = -12. Let l = c - -5. Let q(m) = m**3 - 6*m**2 + 5*m + 6. Calculate q(l).
6
Let g(f) = -f**3 + 3*f**2 + 5*f - 2. Let t = -7 + 5. Suppose 0 = -6*d + d + 10. Let h = d - t. What is g(h)?
2
Suppose -2 = 4*x + 2*b, -8 = 3*x - 2*x + 2*b. Let k be (x/2*-4)/2. Let f(w) = -w - w**3 - w + 3*w - 4*w**2. What is f(k)?
-10
Let s(l) = -5*l**3 + l**2 + 2*l + 1. Suppose -2 + 5 = 3*j. Suppose 3*o + 2 = -j. What is s(o)?
5
Let g = 16 + -12. Let u(k) = -3*k + 6. Give u(g).
-6
Let q = -206 + 206. Let c(x) be the third derivative of 1/60*x**5 + 0 - x**2 + q*x + 1/24*x**4 - 1/3*x**3. Give c(3).
10
Let u be -3*(154/(-6) - -3). Suppose 5*w = u - 13. Let v(x) = 8*x**3 + x + 11 - w + 2*x**2 + 0*x**2. What is v(-1)?
-7
Let u(f) = -4*f**3 - 19*f**2 + 3*f + 6. Let h(k) = -3*k**3 - 13*k**2 + 2*k + 4. Let r(p) = -7*h(p) + 5*u(p). Give r(3).
-4
Let d(g) = -2*g**2 + 2*g + 10. Let o(l) = -l**2 + l + 5. Let y(j) = 3*j**2 - 3*j - 15. Let h(z) = -7*o(z) - 2*y(z). Let m(r) = 3*d(r) + 5*h(r). Calculate m(0).
5
Let j = 7 - 5. Let p(f) = f**2 + 2*f - 6. Let v(y) be the second derivative of y**4/4 + y**3 - 17*y**2/2 - 6*y. Let m(a) = 17*p(a) - 6*v(a). What is m(j)?
-8
Let m(u) = -u**2 + 4*u + 3. Let g(r) = -3*r - 5. Let x be g(-3). Calculate m(x).
3
Let h(t) = -t**2 + t - 1. Let q be (17 - 3)*2/4. Let g = -9 + q. Calculate h(g).
-7
Suppose 30 = -d + 6*d. Let p(m) = -m**3 + 7*m**2 - 6*m - 4. Give p(d).
-4
Let s be 2/(-1 + 13/11). Suppose -z = -4*f + s, z = 3*f - 0*z - 8. Suppose 4*m + f*i + 3 = -8, 4*m - 4*i + 32 = 0. Let w(q) = q + 3. Calculate w(m).
-2
Let z(f) = 9*f - 5. Let x(m) = m**2 + 1. Let b(n) = -x(n) - z(n). Determine b(-7).
18
Let o(p) = p**3 - 4*p**2 + 4*p - 4. Let t = 6 - 3. What is o(t)?
-1
Let u(w) be the third derivative of -w**6/20 + w**5/60 - w**2. Suppose 0 = -4*o + 8 + 4. Let x(s) = s**2 - 4*s + 4. Let f be x(o). Determine u(f).
-5
Suppose -j = f + f - 8, -4 = -2*j. Suppose 0 = f*a - 5 - 22. Suppose -5*n + 21 = -a. Let q(u) = u - 8. Give q(n).
-2
Let q = 7 - 0. Le